tors of 2080101.
3, 19, 36493
What are the prime factors of 1157983?
271, 4273
List the prime factors of 992981.
11, 90271
What are the prime factors of 5142443?
293, 17551
What are the prime factors of 3078297?
3, 23, 4957
What are the prime factors of 1477902?
2, 3, 246317
List the prime factors of 10385265.
3, 5, 11, 113, 557
What are the prime factors of 7899421?
19, 415759
List the prime factors of 1925865.
3, 5, 42797
What are the prime factors of 150076?
2, 17, 2207
What are the prime factors of 373537?
107, 3491
List the prime factors of 26727447.
3, 8909149
List the prime factors of 1570341.
3, 17, 41, 751
What are the prime factors of 6098285?
5, 1219657
What are the prime factors of 34132811?
197, 173263
What are the prime factors of 3963246?
2, 3, 7, 197, 479
List the prime factors of 5096514.
2, 3, 849419
List the prime factors of 394398.
2, 3, 21911
List the prime factors of 7388232.
2, 3, 307843
What are the prime factors of 703390?
2, 5, 31, 2269
List the prime factors of 11426699.
23, 496813
What are the prime factors of 1743283?
1743283
List the prime factors of 432508.
2, 108127
List the prime factors of 896520.
2, 3, 5, 31, 241
What are the prime factors of 468694?
2, 23, 443
List the prime factors of 501200.
2, 5, 7, 179
List the prime factors of 1576791.
3, 19, 9221
List the prime factors of 8580228.
2, 3, 715019
List the prime factors of 56665.
5, 7, 1619
List the prime factors of 235845.
3, 5, 1747
List the prime factors of 23515363.
23515363
List the prime factors of 12884465.
5, 11, 317, 739
What are the prime factors of 206647?
7, 53, 557
What are the prime factors of 10124193?
3, 3374731
What are the prime factors of 28184?
2, 13, 271
What are the prime factors of 1360162?
2, 680081
List the prime factors of 1274085.
3, 5, 23, 1231
List the prime factors of 122649.
3, 40883
What are the prime factors of 391133?
391133
What are the prime factors of 3994901?
353, 11317
List the prime factors of 11771435.
5, 13, 97, 1867
What are the prime factors of 12088040?
2, 5, 233, 1297
List the prime factors of 4539268.
2, 31, 36607
What are the prime factors of 27890290?
2, 5, 19, 181, 811
What are the prime factors of 17094088?
2, 11, 47, 4133
List the prime factors of 27809140.
2, 5, 1390457
List the prime factors of 1465315.
5, 17, 17239
List the prime factors of 22510682.
2, 179, 227, 277
List the prime factors of 766926.
2, 3, 137, 311
List the prime factors of 1443574.
2, 11, 65617
What are the prime factors of 9339566?
2, 29, 283, 569
What are the prime factors of 1492036?
2, 7, 13, 4099
What are the prime factors of 213703?
7, 30529
What are the prime factors of 1472039?
313, 4703
List the prime factors of 742629.
3, 73, 3391
What are the prime factors of 53074?
2, 7, 17, 223
What are the prime factors of 277491?
3, 17, 5441
List the prime factors of 8590578.
2, 3, 1431763
What are the prime factors of 8458325?
5, 19, 17807
What are the prime factors of 16293633?
3, 17, 319483
List the prime factors of 103117.
7, 14731
What are the prime factors of 5125434?
2, 3, 541, 1579
List the prime factors of 2256130.
2, 5, 225613
List the prime factors of 5927996.
2, 1481999
What are the prime factors of 281543?
23, 12241
List the prime factors of 13616795.
5, 131, 20789
List the prime factors of 105633.
3, 11, 97
What are the prime factors of 2442893?
31, 78803
List the prime factors of 296440.
2, 5, 7411
List the prime factors of 889345.
5, 83, 2143
What are the prime factors of 35134?
2, 11, 1597
What are the prime factors of 2194857?
3, 7, 79
What are the prime factors of 7812603?
3, 59, 14713
What are the prime factors of 292122?
2, 3, 16229
List the prime factors of 276873.
3, 41, 2251
What are the prime factors of 2306766?
2, 3, 7, 11, 4993
What are the prime factors of 288835?
5, 61, 947
List the prime factors of 14905200.
2, 3, 5, 12421
What are the prime factors of 11608434?
2, 3, 131, 547
What are the prime factors of 8284251?
3, 43, 149, 431
What are the prime factors of 76320?
2, 3, 5, 53
What are the prime factors of 34493?
17, 2029
List the prime factors of 14437.
14437
What are the prime factors of 134862?
2, 3, 7, 13, 19
What are the prime factors of 1512681?
3, 449, 1123
List the prime factors of 9894876.
2, 3, 23, 35851
List the prime factors of 179076.
2, 3, 14923
List the prime factors of 3282032.
2, 13, 31, 509
What are the prime factors of 357354?
2, 3, 19853
What are the prime factors of 1867453?
7, 19, 739
What are the prime factors of 103135?
5, 20627
What are the prime factors of 2925252?
2, 3, 11, 83, 89
List the prime factors of 3667564.
2, 61, 15031
List the prime factors of 2551460.
2, 5, 193, 661
List the prime factors of 427712.
2, 41, 163
What are the prime factors of 9006198?
2, 3, 181, 8293
What are the prime factors of 8003611?
7, 11, 31, 479
What are the prime factors of 645986?
2, 11, 29363
List the prime factors of 14582365.
5, 7, 401, 1039
What are the prime factors of 844526?
2, 17, 59, 421
What are the prime factors of 1460983?
23, 63521
List the prime factors of 1876126.
2, 7, 29, 4621
What are the prime factors of 11669495?
5, 457, 5107
List the prime factors of 51633.
3, 5737
What are the prime factors of 300559?
7, 42937
What are the prime factors of 9556624?
2, 7, 11, 7757
What are the prime factors of 3040651?
719, 4229
What are the prime factors of 199974?
2, 3, 33329
List the prime factors of 3874595.
5, 774919
What are the prime factors of 43577?
43577
List the prime factors of 4205710.
2, 5, 420571
What are the prime factors of 3692639?
71, 52009
List the prime factors of 13217366.
2, 6608683
What are the prime factors of 18050?
2, 5, 19
List the prime factors of 84174.
2, 3, 14029
What are the prime factors of 93653?
7, 17, 787
What are the prime factors of 684422?
2, 342211
What are the prime factors of 230799?
3, 107, 719
List the prime factors of 5242237.
7, 11, 13, 5237
List the prime factors of 628090.
2, 5, 107, 587
List the prime factors of 6994081.
619, 11299
List the prime factors of 5362369.
307, 17467
List the prime factors of 4414994.
2, 79, 27943
List the prime factors of 664500.
2, 3, 5, 443
What are the prime factors of 16426117?
23, 41, 17419
List the prime factors of 726558.
2, 3, 7, 17299
What are the prime factors of 263668?
2, 29, 2273
What are the prime factors of 210787?
101, 2087
List the prime factors of 71752.
2, 8969
What are the prime factors of 324330?
2, 3, 5, 19, 569
List the prime factors of 4323319.
7, 11, 13, 617
What are the prime factors of 89509?
7, 19, 673
List the prime factors of 3819462.
2, 3, 181, 3517
List the prime factors of 270153.
3, 13, 2309
What are the prime factors of 659066?
2, 329533
What are the prime factors of 2883841?
233, 12377
List the prime factors of 24325715.
5, 4865143
What are the prime factors of 545635?
5, 29, 53, 71
List the prime factors of 35471281.
2741, 12941
List the prime factors of 377975.
5, 13, 1163
What are the prime factors of 57194?
2, 28597
What are the prime factors of 1642005?
3, 5, 12163
List the prime factors of 670985.
5, 7, 19, 1009
List the prime factors of 14264693.
409, 34877
What are the prime factors of 539372?
2, 19, 47, 151
What are the prime factors of 1092104?
2, 13, 10501
List the prime factors of 15455318.
2, 29, 43, 6197
List the prime factors of 10797993.
3, 1199777
What are the prime factors of 180457?
181, 997
What are the prime factors of 2142615?
3, 5, 142841
List the prime factors of 673469.
673469
What are the prime factors of 1928337?
3, 642779
What are the prime factors of 185035?
5, 23, 1609
List the prime factors of 6130904.
2, 13, 167, 353
What are the prime factors of 58664?
2, 7333
What are the prime factors of 12755111?
137, 93103
List the prime factors of 195396.
2, 3, 19, 857
What are the prime factors of 489311?
17, 107, 269
What are the prime factors of 1525892?
2, 433, 881
What are the prime factors of 1944098?
2, 13, 23, 3251
List the prime factors of 1414781.
617, 2293
What are the prime factors of 18903942?
2, 3, 97, 401
List the prime factors of 234330.
2, 3, 5, 73, 107
What are the prime factors of 348404?
2, 7, 23, 541
List the prime factors of 1110780.
2, 3, 5, 11, 17
What are the prime factors of 235828?
2, 19, 29, 107
What are the prime factors of 